489?
4
What is the units digit of 101331916?
6
What is the hundreds digit of 2169127225?
2
What is the units digit of 18902635?
5
What is the thousands digit of 204110357?
0
What is the tens digit of 71336819?
1
What is the thousands digit of 1237034415?
4
What is the millions digit of 682527581?
2
What is the thousands digit of 726759?
6
What is the hundred thousands digit of 285196444?
1
What is the ten thousands digit of 12421981?
2
What is the ten thousands digit of 70496121?
9
What is the tens digit of 15329311?
1
What is the ten thousands digit of 353173463?
7
What is the tens digit of 1147826660?
6
What is the hundreds digit of 380939561?
5
What is the thousands digit of 21575607?
5
What is the ten millions digit of 39819932?
3
What is the hundreds digit of 70337856?
8
What is the hundred thousands digit of 161916319?
9
What is the ten thousands digit of 660460411?
6
What is the tens digit of 975723853?
5
What is the hundreds digit of 338175916?
9
What is the hundreds digit of 1204019464?
4
What is the millions digit of 156104282?
6
What is the ten millions digit of 169886118?
6
What is the units digit of 1799025577?
7
What is the units digit of 468146090?
0
What is the units digit of 1287195510?
0
What is the hundred millions digit of 118995852?
1
What is the thousands digit of 97081018?
1
What is the units digit of 554322272?
2
What is the hundred millions digit of 1192021616?
1
What is the ten thousands digit of 1218454269?
5
What is the millions digit of 210787626?
0
What is the tens digit of 40332626?
2
What is the millions digit of 3573555446?
3
What is the hundreds digit of 9325251?
2
What is the ten millions digit of 802553705?
0
What is the millions digit of 1959883146?
9
What is the thousands digit of 62116893?
6
What is the tens digit of 192368346?
4
What is the hundred millions digit of 630325091?
6
What is the tens digit of 4959114997?
9
What is the units digit of 121654783?
3
What is the ten millions digit of 102786902?
0
What is the units digit of 2540940299?
9
What is the millions digit of 49595172?
9
What is the units digit of 2092428680?
0
What is the tens digit of 69167705?
0
What is the hundred millions digit of 232848473?
2
What is the units digit of 183447522?
2
What is the ten millions digit of 202182030?
0
What is the ten millions digit of 47326843?
4
What is the thousands digit of 73621525?
1
What is the hundreds digit of 781636551?
5
What is the hundred millions digit of 185662684?
1
What is the billions digit of 7976722317?
7
What is the ten thousands digit of 84365596?
6
What is the hundred thousands digit of 917402682?
4
What is the units digit of 42293358?
8
What is the hundred thousands digit of 340837466?
8
What is the tens digit of 2600825555?
5
What is the units digit of 7005559?
9
What is the millions digit of 115853545?
5
What is the thousands digit of 2552959546?
9
What is the hundred thousands digit of 429628974?
6
What is the thousands digit of 1144926395?
6
What is the thousands digit of 46875725?
5
What is the thousands digit of 1659101992?
1
What is the ten thousands digit of 168946?
6
What is the units digit of 311858745?
5
What is the hundreds digit of 157783265?
2
What is the thousands digit of 55873533?
3
What is the millions digit of 1452816537?
2
What is the thousands digit of 1011922328?
2
What is the millions digit of 3239027266?
9
What is the hundreds digit of 20283588?
5
What is the tens digit of 136477489?
8
What is the ten thousands digit of 1734394033?
9
What is the hundred millions digit of 3682952327?
6
What is the hundred millions digit of 147321478?
1
What is the thousands digit of 29079712?
9
What is the thousands digit of 212987017?
7
What is the ten millions digit of 32668912?
3
What is the hundred millions digit of 2893274301?
8
What is the hundred thousands digit of 198155127?
1
What is the millions digit of 807904808?
7
What is the hundred thousands digit of 23298032?
2
What is the millions digit of 1143334821?
3
What is the millions digit of 26654366?
6
What is the hundred thousands digit of 793994681?
9
What is the billions digit of 1007889084?
1
What is the millions digit of 31990927?
1
What is the units digit of 123563357?
7
What is the hundreds digit of 23523156?
1
What is the millions digit of 436130516?
6
What is the millions digit of 2933272636?
3
What is the ten millions digit of 250600166?
5
What is the tens digit of 156332153?
5
What is the hundred thousands digit of 114222839?
2
What is the millions digit of 274710683?
4
What is the millions digit of 171139743?
1
What is the thousands digit of 2672550538?
0
What is the hundred millions digit of 1624411828?
6
What is the ten thousands digit of 15685793?
8
What is the tens digit of 48674834?
3
What is the units digit of 5971057052?
2
What is the thousands digit of 623778307?
8
What is the hundred thousands digit of 157244771?
2
What is the ten millions digit of 224682158?
2
What is the tens digit of 432115836?
3
What is the millions digit of 3690506087?
0
What is the ten millions digit of 436121781?
3
What is the hundred millions digit of 2348592445?
3
What is the billions digit of 4322802119?
4
What is the thousands digit of 2514705328?
5
What is the hundreds digit of 37839445?
4
What is the hundreds digit of 82149281?
2
What is the hundred thousands digit of 353419?
3
What is the tens digit of 47677456?
5
What is the units digit of 1040551019?
9
What is the tens digit of 112420206?
0
What is the hundred thousands digit of 212583278?
5
What is the thousands digit of 1436792296?
2
What is the hundred millions digit of 325732103?
3
What is the units digit of 722268800?
0
What is the hundred thousands digit of 4089407?
0
What is the ten millions digit of 126501785?
2
What is the millions digit of 713694399?
3
What is the tens digit of 31164415?
1
What is the thousands digit of 1552840425?
0
What is the ten millions digit of 34767643?
3
What is the hundreds digit of 4066585613?
6
What is the hundred millions digit of 359685402?
3
What is the hundred thousands digit of 193725600?
7
What is the hundred thousands digit of 644698423?
6
What is the hundred thousands digit of 111590726?
5
What is the ten thousands digit of 1178094362?
9
What is the hundreds digit of 530651142?
1
What is the tens digit of 58252519?
1
What is the hundreds digit of 295419747?
7
What is the millions digit of 770416899?
0
What is the ten thousands digit of 2471050625?
5
What is the tens digit of 70280066?
6
What is the ten millions digit of 566445739?
6
What is the units digit of 250474928?
8
What is the ten thousands digit of 53531805?
3
What is the hundred millions digit of 353454711?
3
What is the millions digit of 100685808?
0
What is the billions digit of 1048291965?
1
What is the units digit of 418270234?
4
What is the hundreds digit of 742078418?
4
What is the ten millions digit of 911690605?
1
What is the tens digit of 89035031?
3
What is the hundred thousands digit of 4120829625?
8
What is the thousands digit of 4972543568?
3
What is the thousands digit of 50379618?
9
What is the ten millions digit of 199135381?
9
What is the units digit of 73263000?
0
What is the ten thousands digit of 1658854264?
5
What is the billions digit of 1230387834?
1
What is the hundreds digit of 69658975?
9
What is the thousands digit of 1596739754?
9
What is the ten thousands digit of 68895127?
9
What is the ten thousands digit of 82679337?
7
What is the hundred thousands digit of 53925267?
9
What is the millions digit of 2695426?
2
What is the hundred thousands digit of 847904953?
9
What is the hundred thousands digit of 125520349?
5
What is the millions digit of 2681091749?
1
What is the ten thousands digit of 121522769?
2
What is the millions digit of 12620403?
2
What is the millions digit of 22091634?
2
What is the thousands digit of 78281851?
1
What is the tens digit of 92388752?
5
What is the tens digit of 385743?
4
What is the thousands digit of 55741242?
1
What is the millions digit of 2076251913?
6
What is the hundred millions digit of 4295130999?
2
What is the ten millions digit of 13243768?
1
What is the ten thousands digit of 361327703?
2
What is the ten thousands digit of 3603434083?
3
What is the units digit of 101619515?
5
What is the h